t k be j(-8). Calculate m(k).
5
Let z(l) = -l - 1. Suppose -3*h + 4*r - 7 = 0, -h + 3*r = -2*r - 16. Let c = h + 3. Calculate z(c).
5
Let c(n) be the first derivative of -n**4/4 - 4*n**3/3 - 3*n**2/2 - 4*n - 7. Suppose -1 = -2*l - 9. Give c(l).
8
Suppose -3*f = -2*f. Let i(g) be the third derivative of 4*g**2 + 1/24*g**4 + 0 + 0*g - 7/6*g**3. What is i(f)?
-7
Let r(j) = j. Let b = -41 - -29. Let l = b + 15. Give r(l).
3
Let c(r) = -r**2 + r - 1. Let o be c(0). Let t(b) = -5*b**3 - 5*b**2 + 3*b - 4. Let h(j) = -j**3 - j**2 + j. Let i(f) = o*t(f) + 6*h(f). What is i(-3)?
13
Let r(i) be the first derivative of -2*i**3 - i**2/2 + i - 3. Let l be (4/(-12))/(2/(-6)). Calculate r(l).
-6
Let k(p) = 1. Let o(w) = 2*w - 2. Let z(v) = -6*k(v) - 2*o(v). Give z(-2).
6
Let f(t) be the second derivative of t**3/6 - 4*t**2 - 12*t. What is f(6)?
-2
Let p(l) be the first derivative of -2*l**3/3 - l**2 - l + 21. What is p(-1)?
-1
Let q(y) = -11*y**3 - y**2 + 2*y - 1. Let c(w) = -54*w**3 - 6*w**2 + 11*w - 5. Let z(s) = 2*c(s) - 11*q(s). What is z(-1)?
-13
Let b(l) = -2*l + 8. Let x(s) = -7*s. Let v be x(-1). Determine b(v).
-6
Let w(c) = -4*c - 7. Let j be w(-3). Let b(z) = -z**2 + 7*z - 7. Give b(j).
3
Suppose 0 = -5*z + 95 - 15. Suppose 4*k - 10 = -k. Suppose 6*w = k*w + z. Let g(t) = -t**2 + 7*t - 6. Determine g(w).
6
Let r(u) = -u**2 + 7*u + 5. Suppose -1 = 5*k - 31. Calculate r(k).
11
Let b(k) be the second derivative of k**3/3 + k**2/2 - k. Suppose 4*p - 8 = 4. Give b(p).
7
Suppose 0 = p - 2*p + 7. Let y = 4 - p. Let q(j) = -j**2 - 2*j + 3. Determine q(y).
0
Let g(p) = -p + 12. Suppose 4*f = -2*n + 22, 3*f - 16 - 1 = -2*n. Determine g(f).
7
Let o = -5 + 2. Let s = -1 - o. Let m(n) = n**3 + n**2 - s - 2*n**3 - 3. Calculate m(0).
-5
Suppose -4*u + 0*u = -0*u. Let d(x) be the second derivative of 1/12*x**4 + 0 + 1/2*x**3 + u*x**2 + 4*x. Determine d(-5).
10
Let i(a) = 13 - 2*a**3 - 6*a**3 - 14 + 2*a**2. What is i(-1)?
9
Let o be (0 + 1)*(-8)/(-4). Let u(q) = -q + 3. Determine u(o).
1
Suppose 3*y + x + 25 = -0*x, 3*y - 2*x = -40. Let m(h) = -h**2 - 10*h + 2. Give m(y).
2
Let g(s) = 2*s**2 + 4*s + 2. Let y be g(-2). Let q(t) = -6*t + 3. Give q(y).
-9
Suppose 0 = 258*t - 261*t - 21. Let a(b) = -b + 1. Determine a(t).
8
Let t(m) = m**3 - 7*m**2 + 6*m + 4. Let l be t(6). Let j(w) = -2*w - w**3 + 5*w**2 + l + 5 - 4. Give j(5).
-5
Let f = 3 + 0. Let a be 5 - f - (-1 - -2). Let q = a + 0. Let c(t) = -7*t**3 + t**2 - t + 1. Determine c(q).
-6
Let i(p) = 73*p - 72*p - 6*p**2 + p**3 - 2 - 5. Give i(6).
-1
Let u(j) be the third derivative of -j**6/120 - 11*j**5/60 - 5*j**4/12 + 17*j**2. Determine u(-10).
0
Let i be (-27)/(-36) - (-75)/(-4). Let m = i - -12. Let d(w) = w + 12. Give d(m).
6
Let r(d) = -d. Let a(t) = 13*t + 2. Let w(k) = -a(k) - 6*r(k). Determine w(-2).
12
Let k(m) = 2*m. Let w = 23 - 24. Determine k(w).
-2
Let y(v) = -1 + v**3 + 0*v**3 - v**2 + 4*v + 5*v**2. Let q be (6 + (-5 - -5))/(-2 - 0). Give y(q).
-4
Let t(r) = -r**3 + 2*r**2 + 5*r - 3. Let s = 10 + -7. Let h be t(s). Suppose -4*l - 4*f + 4 = 0, 2*f + 3 = h*l - 4*l. Let o(u) = 2*u - 3. Calculate o(l).
7
Let r = -17 - -14. Let w(c) = 4*c**3 - c + 3*c**2 - 5*c**3 - 2 + 4 + 2*c**3. Determine w(r).
5
Suppose 5*t + 15 = 2*k, 5*k + 40 = -4*t + k. Let x be (-15)/t*6/(-9). Let i(o) be the second derivative of -o**4/12 - o**3/3 - o**2 + 2*o. Calculate i(x).
-2
Let r(h) be the first derivative of -h**3/3 + 3*h**2/2 + h + 5. Determine r(2).
3
Let i = 161 + -167. Let s(q) = -2*q + 3*q - 4 + 0*q. Determine s(i).
-10
Let m be 3 - 0*1/4. Let p be 1 - m/(3/7). Let k(u) = -u**3 - 5*u**2 + 4*u - 8. What is k(p)?
4
Let x(p) = 5*p**2 - 10*p**2 - 7*p**2 + 0 + p - 1. Let l = 11 + -10. What is x(l)?
-12
Let a(u) = -u**3 - 4*u**2 - 2*u + 4. Let o = 14 + -17. Give a(o).
1
Let w(l) = -2*l - 3. Let m = -89 + 83. What is w(m)?
9
Let p(t) = 2*t - 1. Let y(d) = -d - 3. Let i be y(6). Let n(j) be the second derivative of j**3/6 + 6*j**2 - j. Let g be n(i). What is p(g)?
5
Let u(w) = 2*w - 10. Let g be 7*(2 - (2 - 1)). Give u(g).
4
Let d be (1 - 4 - -1) + 7. Let m = 1 - d. Let g(q) = 2*q + 3. Give g(m).
-5
Suppose m + 0*u = 4*u - 10, 5*u = 15. Suppose 5*c + m*s + 3*s = 40, -2*s = -5*c + 5. Let x(p) = -3*p**3 - 3*p**2 + 2*p**3 - c*p**2 + 2*p - 5*p. Determine x(-5).
-10
Suppose -3*a - 15 = -8*a. Suppose -138 = -a*r - 342. Let z be r/(-11) - 2/11. Let v(x) = -x**2 + 6*x + 3. Determine v(z).
3
Let t(d) = -d**3 - 21*d**2 - 8. Let z be t(-21). Let k(l) = -l**3 - 7*l**2 + 12*l + 12. Determine k(z).
-20
Let a(d) = 42*d**2 + 2 + 3 - 6 + d**3 - 48*d**2. Calculate a(6).
-1
Let r(s) = -5*s**2 + 162*s + s**3 - 169*s + 1 + 2*s**2 - s**2. Calculate r(5).
-9
Let v(h) be the third derivative of -1/3*h**3 + 0*h + 0 + 2*h**2 + 1/12*h**4. Determine v(5).
8
Let w(n) = 6*n + 70 - 4*n**2 - 70 + 3*n**2. Let c = 9 + -6. Determine w(c).
9
Let o(f) = -7 - 7 + 4 - f + 0*f. Suppose 4*h + 1 - 25 = -4*a, -2*a = -3*h - 7. Let c be (a/4)/(1/(-4)). Determine o(c).
-5
Let h(q) = 7 - q - 3 + 2*q - 6. Give h(3).
1
Let m(y) be the third derivative of -y**2 + 0*y - 1/60*y**5 + 0 - 1/12*y**4 - 1/6*y**3. Let b(p) = -p**3 + 6*p**2 - 3. Let v be b(6). Calculate m(v).
-4
Let z(s) = -5*s**2 + 7*s - 4. Let m(y) = 9*y**2 - 14*y + 8. Let b(w) = 3*m(w) + 5*z(w). Calculate b(4).
8
Let k(j) be the third derivative of j**4/12 - 7*j**3/6 + 5*j**2. Suppose 6 = 8*p - 7*p. Calculate k(p).
5
Let d = 6 - 5. Let w be d - (-3 - (2 - 2)). Let f(o) = -o + 8. Let l(i) = 1. Let m(n) = -f(n) + 4*l(n). Determine m(w).
0
Let o(s) be the first derivative of -s**3/3 - 5*s**2/2 + 2*s - 5. Let a = 0 + -4. Calculate o(a).
6
Let o(k) be the first derivative of 2*k**2 + k + 1. Let v(n) = 2*n + 13. Let s be v(-6). What is o(s)?
5
Let y(f) be the third derivative of 1/6*f**3 - f**2 + 0*f + 0 + 1/12*f**4. Let u(g) = 11*g - 102. Let a be u(9). What is y(a)?
-5
Let q(x) = 0*x - 3 + 2*x + x**2 - 6*x. Suppose -f - 5*t = -5*f + 31, -4*t = 12. Give q(f).
-3
Let z be 3/(-9) - (-2)/6. Let g(j) be the first derivative of j**3/3 + 4. Calculate g(z).
0
Let r(m) be the first derivative of -m**2/2 - 1. Let s be r(4). Let i(k) = 2*k - 2. Let d(n) = -4*n + 3. Let x(q) = 4*d(q) + 7*i(q). Calculate x(s).
6
Suppose 0 = -3*v - 41 - 49. Let x be (10/(-25))/(2/v). Let g(b) = -b**3 + 7*b**2 - 6*b + 4. What is g(x)?
4
Let m(w) = -5*w + 3. Suppose 7 = -5*i + 2*y, 3*y - 6 = -2*i + 6*y. Let g = i + 5. Calculate m(g).
-7
Let l(f) = f**2 - 3*f - 1. Let u(n) = -n + 12. Let y be u(14). What is l(y)?
9
Let y be -2 - 2*(-2)/2. Suppose z + y*z + 3*i + 10 = 0, 0 = 5*z + 2*i - 15. Let c(a) = -4*a + 5*a + 1 + 0 - z*a. Determine c(2).
-7
Let a(b) be the third derivative of b**4/4 + b**3/3 + 8*b**2. Give a(-2).
-10
Suppose -4*y = 4 - 12. Let x = 1 + y. Let c(g) = g**3 - 5*g**2 + 4*g. What is c(x)?
-6
Let w(z) be the third derivative of z**9/60480 - z**8/6720 - z**7/5040 + z**6/240 - z**5/20 + 2*z**2. Let f(g) be the third derivative of w(g). What is f(3)?
0
Let y(u) = 2*u. Let v be y(1). Let b(r) = 2*r**3 - 2*r**2 + 2*r. Calculate b(v).
12
Let u be (1 - 1)/(1/1). Let p(d) be the second derivative of d**3/6 - 7*d**2/2 - d. Give p(u).
-7
Let o(m) be the second derivative of 3*m + 1/6*m**3 + 0 + 0*m**2 - 1/12*m**4. What is o(2)?
-2
Let q(x) = -x**3 - 8*x**2 + 8*x - 9. Let j be q(-9). Let b(o) = -o + 5. What is b(j)?
5
Let w = -6 - -8. Let j(f) = 6 - 3*f - 5*f - 1 + 3*f + f**w. Let z(t) = t**2 - t - 2. Let u be z(-2). Give j(u).
1
Let s(z) = -z**3 - 3*z**2 - z - 3. Let l(t) = 2*t**3 + 6*t**2 + 3*t + 7. Let q(o) = 2*l(o) + 5*s(o). What is q(-4)?
11
Suppose 18*b = 7*b - 55. Let h(k) = k**2 + 7*k + 6. Determine h(b).
-4
Let d(v) = 2*v. Let r(b) = 1. Let c(a) = a - 4. Let s be c(6). Let x(t) = s*d(t) - 4*r(t). Let o(l) = l**3 + 4*l**2 + l - 3. Let p be o(-3). Determine x(p).
8
Let h(k) = 12*k**3 + k**2 - 1. Let m be 2/3*12/8. Give h(m).
12
Let o be 1 + 9 + 3 + -1. Suppose 5*d - 2*d - o = 0. Let x(l) = -5 + 4 + 3*l + 1 + d. Calculate x(-3).
-5
Let b(t) = 17*t - 3. Let z(f) = 25*f - 5. Let s(m) = -8*b(m) + 5*z(m). Let g be -2 + 0 - -5 - (-9 - -11). Give s(g).
-12
Let f(z) = 2*z - 3. Let u be f(4). Suppose b + 1 = 4. Let s(l) = -b*l - u - 4*l**2 + 2*l**3 + 1 - l**3. Determine s(5).
6
Let o(m) be the second derivative of -m**4/4 + m**3/3 + m**2/2 - 7*m.